late the remainder when 18 is divided by 2/(j/(-75)) + -4.
7
Let m = 628 + -512. Calculate the remainder when m is divided by 12/(-7)*(-105)/6.
26
Let m(f) = f**2 - 6*f - 3. Let a = 6 + -6. Suppose 73 = 2*k - g, -3*k + 0*g + 5*g + 99 = a. What is the remainder when k is divided by m(8)?
12
Calculate the remainder when 174 is divided by ((-90)/(-4))/(2/4).
39
Let j(n) = -n**3 - 2*n**2 + n - 3. Let f be j(-3). Let y be -3 - f*(-2 + 1). Suppose d + 3 - 4 = y. What is the remainder when 2 is divided by d?
0
Let w = -628 + 649. Let c be (-224)/(-6) + 2/3. Suppose 2*x - c = -14. Calculate the remainder when w is divided by x.
9
Let r = -216 + 307. Let z = -61 + r. Calculate the remainder when 177 is divided by z.
27
Let d(s) = 2*s**2 + 12*s + 5. Let v be d(-6). Suppose -90 - 235 = -5*q + v*c, -4*q = -5*c - 263. What is the remainder when q is divided by 32?
30
Let o(k) = k + 5. Let y(n) = -n. Let a(h) = -3*o(h) + 6*y(h). Let t(r) = 23*r**2 - 2*r. Calculate the remainder when t(2) is divided by a(-5).
28
Let c(b) = -2*b**3 + 7*b**2 + 22*b - 15. Calculate the remainder when 45 is divided by c(5).
5
Let v(w) = -2*w - 8. Suppose 0 = 3*b - 9*b - 60. What is the remainder when (-170)/4*(-16)/20 is divided by v(b)?
10
Suppose 16 = y - 7. Suppose 18 = 2*g + 2. What is the remainder when y is divided by g?
7
Suppose -4*r + 160 = -2*h, -5*r = -3*r - 3*h - 72. Let t(k) = -2*k**3 - 3*k**2 + 12*k + 29. Calculate the remainder when r is divided by t(-2).
6
Let b(v) = -v**3 - 10*v**2 + 10*v - 2. Let a be b(-11). Suppose 0 = a*t - 12*t - 3. Calculate the remainder when t*(-3)/(-6)*-30 is divided by 9.
6
Let i(k) = -7*k**3 - 2*k**2 + 6*k + 5. What is the remainder when i(-3) is divided by 20?
18
What is the remainder when 519 is divided by (8 + -2)/(18/384) - -3?
126
Let u(t) = -t**2 + 3*t - 80. Let w be u(0). Calculate the remainder when 42 is divided by (22/3)/((w/15)/(-8)).
9
What is the remainder when 693 is divided by (3 + -3 - 4) + 38 + -10?
21
Suppose -4*h + 1 - 5 = 0. Suppose -3*z + p = -109, -z + 3*p + 13 = -10. What is the remainder when z is divided by 3 - -5*(h + 3)?
12
Let a(r) = -2*r**3 + 4*r**2 + 5*r + 18. What is the remainder when a(-3) is divided by 16?
13
Suppose 2*o + 2*v - 32 = 0, -2*v - v = -4*o + 78. Let i be o/4 - (-2)/(-4). Suppose 9*s - 10*s = -i. What is the remainder when s is divided by 2?
0
Let s be 250/(-75)*6/4. Let g(x) = -x**3 + 4*x**2 + 4*x + 2. What is the remainder when g(s) is divided by 26?
25
Let q = 3 + 0. Suppose 0*z + 2*z - 10 = -i, -2*i + 5*z = 16. Calculate the remainder when q is divided by i.
1
Let p = 17 - 13. Suppose -2*a - p*w - 84 = -6*a, -15 = -5*w. Suppose -2*v - 15 = -157. Calculate the remainder when v is divided by a.
23
Suppose -3*y + 30 = r, -2*r + 7*r = 4*y + 150. Let u = 2004 - 1858. What is the remainder when u is divided by r?
26
Let g be 6/27 + ((-316)/(-36) - 4). Suppose 4*t + 4*l - 132 = 0, -3*l = -g*t - 6*l + 169. What is the remainder when t is divided by 4?
3
Calculate the remainder when (145/3)/((-14)/(-42)) + -3 is divided by 11.
10
Let m(n) = 20*n + 248. Let g be m(-12). Let f be (3/((-6)/8))/(-1). What is the remainder when 27 is divided by 14 + (g + -4 - f)?
13
Suppose -y + d - 2 = 0, y + 7 = -0*y + 2*d. Suppose 117 = y*c - 189. Calculate the remainder when c is divided by 26.
24
Let f(r) = r**2 + r - 3. Suppose -y - 2 = -3*b - 0, 0 = -2*y - 10. What is the remainder when f(-5) is divided by -5*(4/(-12))/(b/(-3))?
2
Suppose 7*q - 24 = 3*q. Let a = 7 - q. What is the remainder when 1 is divided by a?
0
Calculate the remainder when 233 is divided by 10/(-80)*4*-26.
12
Suppose 11*x - 63 = 2*x. Suppose 34 = x*c - 274. What is the remainder when c is divided by 13?
5
Suppose 512 = 8*t + 8*t. Calculate the remainder when 95 is divided by t.
31
Let z = -166 - -201. Let f(d) = d + 7. Let n be f(-5). Suppose 685 = 7*i - n*i. What is the remainder when i is divided by z?
32
Suppose 0 = -4*k + 1 + 11. Suppose v + 21 = 2*y, 5*y + 5*v = k*v + 57. What is the remainder when (-1 - -2)/1 - -19 is divided by y?
9
Let v be (-9)/(-2) + 60/(-40). Suppose -3*k = -2*t + 11, 8*t = v*t + 5*k + 35. Calculate the remainder when (78/8)/((-4)/(-16)) is divided by t.
9
Suppose 0*d = -4*d - 4, 5*t + 2*d - 328 = 0. Calculate the remainder when 197 is divided by t.
65
Suppose 11 = 6*u - 43. Let t(x) = x**3 - 10*x**2 + 11*x + 13. What is the remainder when t(u) is divided by 18?
13
Suppose 4*a + 52 = -52. Suppose 0*v + 4*v = 4*j + 52, 2*v - 42 = -2*j. Calculate the remainder when (-39)/a - (-126)/4 is divided by v.
16
Let i(v) = 16*v + 3. Let c be i(3). Calculate the remainder when 50 is divided by (2/3)/(2/c).
16
Suppose 4*z = -n + 533, 11*z = 13*z - 4*n - 244. What is the remainder when z is divided by 17?
13
Let v(w) = w**3 - 11*w**2 + 26*w - 3. Calculate the remainder when 297 is divided by v(8).
11
Let i(w) = -3*w**2 - 28*w + 93. Let g(j) = j**2 + 9*j - 31. Let m(n) = -8*g(n) - 3*i(n). Calculate the remainder when 26 is divided by m(-15).
12
Let g = -54 + 71. Let w(n) = n**2 - 12*n - 57. Calculate the remainder when 78 is divided by w(g).
22
Let x(j) = -15*j - 78. Calculate the remainder when 75 is divided by x(-7).
21
Suppose -40*q = -327 - 513. Calculate the remainder when 217 is divided by q.
7
Let b(i) = -i + 11. Let w be b(10). Let h be 53 - (0 + 0/w). Suppose -2*s + 9 = -h. Calculate the remainder when s is divided by 16.
15
Suppose 3*x - 5*k = 98, 3*k - 16 = -x - 2. Calculate the remainder when 206 is divided by x.
24
Let j be 8/(-6)*(-6)/4. Suppose -3*a + 3*z = -22 - 14, -4*a + 2*z = -48. What is the remainder when (5/10)/(j/136) is divided by a?
10
Let z(d) = 16*d - 102. Let f be 0 + 4 + (-3)/3. Suppose 0 = -f*j - 29 + 74. Calculate the remainder when z(9) is divided by j.
12
Suppose -943 = -6*g + 959. What is the remainder when g is divided by 16?
13
Suppose o = 19 + 28. Suppose -l = -5*x - o, 4*l - 6*x + 2*x - 172 = 0. What is the remainder when l is divided by 11?
9
Suppose 2*f = -63 + 67. What is the remainder when 19 is divided by f?
1
Let a = -21 + 40. Suppose -a = -3*w + 68. Let d(h) = h**3 + 9*h**2 + 16*h - 2. Calculate the remainder when w is divided by d(-6).
9
Let u be ((-18)/15)/(3/(-10)). Suppose u*x = 10*x - 96. Calculate the remainder when 46 is divided by x.
14
Let l = 136 + -139. Let b(h) = 3*h - 4. Calculate the remainder when b(5) is divided by (-4)/6*l - (-24)/6.
5
Suppose 61*n - 80*n + 2717 = 0. Calculate the remainder when n is divided by 37.
32
Suppose -3*m - 9 = 5*q - 89, 0 = 2*m - 4*q - 90. What is the remainder when 194 is divided by m*(-7)/15*(-5 - -2)?
47
Calculate the remainder when 4/(-18) - 38399/(-387) is divided by 51.
48
Let n = 67 - -105. What is the remainder when n is divided by 6?
4
Let k(b) = -b**3 + 15*b**2 + 19*b - 198. What is the remainder when k(15) is divided by 13?
9
Let n = 9 - -5. What is the remainder when 124 is divided by n?
12
Let k = -136 - -181. Calculate the remainder when k is divided by 11.
1
Let c = -53 + 59. Let o = 0 + 26. Let i = 49 - o. Calculate the remainder when i is divided by c.
5
Let r(q) = -13*q - 3. Let n be r(-7). Calculate the remainder when 6 is divided by (n/14 - 1) + 82/(-287).
1
Suppose 5*c - 14 = -2*h, -c - 3*h + 7 = -4*h. Suppose -c*d = -152 - 44. What is the remainder when d is divided by 13?
10
Suppose -5*g + 3*g + 62 = 0. Suppose g*i = 32*i - 52. Calculate the remainder when 205 is divided by i.
49
Suppose 0 = 3*a + 5*w - 4*w - 19, 0 = a - w - 9. Suppose -3*h - 29 = -4*q - 2*h, 3*h = 2*q - a. Calculate the remainder when 29 is divided by q.
5
Let u = 24 - 5. Let p = -16 + u. What is the remainder when 8 is divided by p?
2
Let v = -300 + 405. What is the remainder when v is divided by 28?
21
Let f(y) = -2*y**3 + 3*y**2 - 2*y + 7. Calculate the remainder when 187 is divided by f(-3).
93
Let y = -6 - -24. Let g(x) = 12*x**2 + 3*x + 1. Let k be -1 + -3 + (1 - -2). Calculate the remainder when y is divided by g(k).
8
Suppose 0*d = -2*d + 8. Suppose 2*p + o = 5, d*o - o - 8 = p. Calculate the remainder when -16*(p + (-45)/12) is divided by 9.
8
Suppose -h + 63 = -3*z - z, 0 = -4*z - h - 57. Let l = 9 + z. Let s = 48 - l. What is the remainder when s is divided by 14?
12
Suppose -h + 160 = -3*l, -5*h + 228 = -2*l - 2*l. Let b = l + 58.